ose -2*u = -4*r - 18, 5*u + 3 = 2*r - 0*r. List the prime factors of g(r).
2, 3
Let f = -1 + 3. Let v(s) = s**2 - 6*s. Let z be v(6). Suppose f*n + 0*n - 26 = z. What are the prime factors of n?
13
Let z(j) = 2*j**2 - j + 1. Let b(f) = -3*f**2 - 2. Let q(n) = -3*b(n) - 4*z(n). Let p be q(-3). List the prime factors of 0/(-2)*p - -10.
2, 5
Let v(c) = -c**2 - 18*c - 13. Let d be v(-9). Let y = d + -34. Let z = y - 14. List the prime factors of z.
2, 5
Let d(v) = v + 4. Suppose -3*r = -0*w - 2*w, -4*r - w = 0. Let t be d(r). List the prime factors of 1/((-12)/(-27))*t.
3
Suppose 5*x = -3*k + 18, 4*k + 0*k = 4. Suppose -x*y + 2 = -16. What are the prime factors of (2/y)/((-3)/(-45))?
5
Let w = -3 - -3. Suppose -s = -w*s - 16. Suppose -2*c + 39 = -0*t + t, c - 3*t = s. List the prime factors of c.
19
Suppose 3*f + 4*i + 29 = -0*f, -3*f - i - 23 = 0. Let t = f - -10. What are the prime factors of t?
3
List the prime factors of (-4)/18 - (-1540)/45.
2, 17
Let u = 8 + -6. Suppose 0 = -3*h - 3*c - c + 19, u*c = 2. List the prime factors of h.
5
Let a(q) = 0 - q - 1 + 2. Let s be a(-3). Suppose -u + 4*j = -5 - 5, 0 = -s*u + j + 55. What are the prime factors of u?
2, 7
Let v = 13 + -10. Suppose 2*d + 17 = -k - 2*d, 0 = -5*k - v*d. Suppose k*h + 23 = 2*s - 2*h, -5*h = -5. What are the prime factors of s?
2, 7
Let w = -112 + 136. What are the prime factors of w?
2, 3
Suppose -3*f + 127 = -6*f - 5*w, -215 = 5*f + 5*w. Let l = -23 - f. What are the prime factors of l?
3, 7
Suppose o = 3*v - 7, 3*o + v = 4*o + 7. Let h = o + 13. What are the prime factors of h?
2, 3
Suppose -23 - 7 = -5*r. Let g = 12 - r. List the prime factors of g.
2, 3
Let h(l) = -4*l + 1. Let n be h(-1). Suppose -4*a = -b - 16, 4*b = a - n*a + 16. Suppose -t + a = t. What are the prime factors of t?
2
What are the prime factors of (-228 - -43)/(2/(-1 - 1))?
5, 37
Suppose -6*p + p = 0. Suppose p = 2*l + l - 33. List the prime factors of l.
11
Let x(i) = -i - 1. Let c be x(-1). Let p(u) = u - 4. Let o be p(c). Let w(s) = -s**3 - 2*s**2 + 4*s - 4. List the prime factors of w(o).
2, 3
Suppose -r = -4*r + 51. Suppose -2*i + r = 7. Let u(l) = -l**2 + 8*l - 4. List the prime factors of u(i).
11
Suppose 3*k + 24 = 93. List the prime factors of k.
23
What are the prime factors of (1 + 0 + -5)/((-1)/4)?
2
Let k(d) = 13*d + 11. Let f be k(13). Suppose 0 = 5*y + 10 - f. List the prime factors of y.
2, 17
Let h be (-30)/(-9) - 1/3. Let x(j) = 0*j - 9 + j - h*j. What are the prime factors of x(-10)?
11
Let y(x) = -2*x**3 - x**2 + 1. Let k be y(-1). Suppose 28 = 2*j - 4*f, j - 3*f - k*f - 8 = 0. List the prime factors of j.
2, 3
Let f(v) = -v**3 + 18*v**2 + 5*v - 18. What are the prime factors of f(18)?
2, 3
List the prime factors of 0 + 0 - (-4)/(8/118).
59
Let o(a) = -3*a + 1. Let v be o(1). Let l = v - -12. What are the prime factors of l?
2, 5
Let k(b) = -b**3 + b**2 - 3*b - 18. What are the prime factors of k(-5)?
3, 7
Let u(z) = -3*z**2 + 5. Let r(p) = 4*p**2 - 7. Let x(m) = -5*r(m) - 7*u(m). What are the prime factors of x(-2)?
2
Let z(p) = -2*p**2 + 5*p - 2. Let y be z(4). Let d = y - -10. List the prime factors of (-18)/d*(-40)/(-12).
3, 5
Let v = -30 + 58. List the prime factors of v.
2, 7
Let w be ((-10)/(-4))/((-2)/(-4)). Suppose w*j - 33 = -3*y, 0 = -5*y + j + 51 + 4. List the prime factors of y.
11
Let n(g) = -g - 1. Let u be n(5). Let h = u - -1. Let l = 6 - h. List the prime factors of l.
11
Suppose 72 = -0*k + 4*k. Suppose 5*b = 14 + 26. Let h = k - b. List the prime factors of h.
2, 5
List the prime factors of 9/1 - (1 - 0).
2
Let a = 8 + -2. Let k be (104/a)/(1/3). Suppose -k = 4*m - 8*m. What are the prime factors of m?
13
Suppose 2*x = 3*x + 3. Let m be (-15 - x)*-6 - -2. Suppose -3*z = 2*c - 38, -3*z + m = z - 2*c. List the prime factors of z.
2
Let p(k) = -k**3 - 7*k**2 + 4*k + 4. Let a be (4/3)/(1/(-3)). Let y be p(a). List the prime factors of y/4*4/(-6).
2, 5
Let c(h) = -6*h**3 - 2*h**2 + 2*h + 1. List the prime factors of c(-2).
37
What are the prime factors of (3 - 4)/(2/(-8))?
2
Let s(c) = 2 - 6 + c - 2 + 2 - c**2. Let n be s(0). Let p(q) = -5*q - 5. List the prime factors of p(n).
3, 5
Suppose 4*v + 33 = 4*p + 5, 2*v + 11 = -p. Let w = 8 + v. List the prime factors of w.
2
Suppose 3*j + 5*z = -j + 2, j - 7 = 2*z. Suppose -4*u + 28 = j*f, 2*u = 3*u - 4. Suppose 0 = f*d - 51 + 11. List the prime factors of d.
2, 5
Suppose r = 5*r - 4*p - 148, 57 = r + 4*p. What are the prime factors of r?
41
Let q = -19 + 29. Let u be (-24)/20*q/3. What are the prime factors of 30/4 + (-2)/u?
2
Suppose 0*n = -3*n + 30. List the prime factors of n.
2, 5
Let u be 1*-4 - -2 - -1. Let y(x) = x**2 + 7*x - 3. Let v be y(-8). What are the prime factors of (u/(-2))/(v/110)?
11
What are the prime factors of (-13 + -6)/(1/(-4))?
2, 19
Let l = -9 + 42. Suppose 2*a - l = -a. Suppose 0 = c - 0*c - a. What are the prime factors of c?
11
Suppose 0 = 2*i - 0*i - 6. Suppose -i*p = -8*p + 10. What are the prime factors of p?
2
Suppose -r + 5*u - u = -10, 4*u + 18 = 5*r. Suppose 4*d = 20, g - 4*d - 3 = -r*d. List the prime factors of g.
13
Let m(u) = u**3 - 6*u**2 + 7*u - 6. List the prime factors of m(5).
2
Let f = 549 - 186. List the prime factors of f.
3, 11
Let u be 7 - 4 - -17 - 4. Suppose g - 3*g = 0. Suppose f - 2*f + u = g. List the prime factors of f.
2
Suppose -2*w + 0*w = 5*m - 27, 5*m - 23 = 2*w. What are the prime factors of m?
5
Suppose -4*u + 5 = u. Let z = 17 - 3. Suppose 5*q - u = z. List the prime factors of q.
3
Suppose 44 + 0 = -4*t - 3*h, 5*t = -4*h - 56. What are the prime factors of -4*(1 + 44/t)?
2, 3
Let z = -37 - -67. Suppose y - z = -8. What are the prime factors of y?
2, 11
Let a = -126 - -131. List the prime factors of a.
5
Let w be (-4)/(-6) + 2/(-3). Suppose -z = 2*o - 4*z - 20, w = 5*o + 4*z - 50. What are the prime factors of (o/(-4))/(2/(-8))?
2, 5
Suppose 16*a - 1116 = -316. What are the prime factors of a?
2, 5
Let q(o) = 2*o**2 + 6*o + 7. Let f be q(-5). Suppose 3*b = 4*y - 28, -3*y = -b + 6 - f. What are the prime factors of y?
7
Let t(f) = -2*f + 15. Let b be t(7). Let a(d) = 27*d**2 + d - 1. List the prime factors of a(b).
3
Let r be (-2)/(-4) - 11/2. Let n = -3 - r. Suppose 2*v - 26 = -n. What are the prime factors of v?
2, 3
Let r = 86 - 49. What are the prime factors of r?
37
Let w = 0 - -4. Suppose -3*z - w*f = -4 - 45, -z + f = -21. What are the prime factors of z?
19
Let j(m) = m**3 - 7*m**2 - 4. Let s be j(7). Let t = 1 - s. List the prime factors of t.
5
Let v = -46 - -95. List the prime factors of v.
7
Let h be 8/(-20) + (-176)/10. What are the prime factors of (-220)/h + (-4)/18?
2, 3
List the prime factors of (2 - 14)*(-2 + -1).
2, 3
Suppose 2*z - 25 = -4*o + 5, 0 = -5*o + 4*z + 31. Let d = o - -8. What are the prime factors of d?
3, 5
Let w(z) = z**2. Let u(i) = -4*i**2 + i - 38. Let b(r) = -u(r) - 3*w(r). List the prime factors of b(0).
2, 19
Let x(v) = 5 - v + v**3 - 2*v + 2*v. What are the prime factors of x(0)?
5
Let y(l) be the first derivative of l**2/2 + 7*l - 6. List the prime factors of y(7).
2, 7
Suppose -2*t = -5*d + 1, -10 = t + 4*t - 5*d. Let v(o) = -6*o + 6. What are the prime factors of v(t)?
2, 3
Let o(g) = 20*g**2 + 2*g - 2. Let b be o(1). List the prime factors of (b/25)/(1/30).
2, 3
Let h(f) = 4*f**3 + 3*f - 3. What are the prime factors of h(2)?
5, 7
Suppose 35 = 5*t - 5*z, z + 63 = 4*t + 4*z. Suppose 13*o - t*o = 20. What are the prime factors of o?
2, 5
Suppose -165 = -8*d + 3*d. List the prime factors of d.
3, 11
Suppose 84 + 61 = 2*g + n, -g + n + 65 = 0. List the prime factors of g.
2, 5, 7
Let a(u) = -12 - 12*u + 4*u - 2*u. What are the prime factors of a(-7)?
2, 29
Let c(r) be the second derivative of 7*r**4/12 - r**3/3 - r**2 + 2*r. List the prime factors of c(2).
2, 11
Let c(k) = 8*k + 9. List the prime factors of c(6).
3, 19
Suppose -5*f + 4*g = -319, -185 = -3*f + g - 5*g. List the prime factors of f.
3, 7
Let u(n) = -1 + 0 + 7*n + n - 3*n. List the prime factors of u(1).
2
Let y = -40 - -78. Suppose 4*c - t - 70 = -c, 0 = -c + 5*t + y. What are the prime factors of c?
13
Let v(s) = -s**3 + 7*s**2 - 3*s + 7. Let y be v(5). Suppose 2*k = 7*k - 10. Suppose -k*x = -2*n + n - 39, -2*x - 2*n + y = 0. List the prime factors of x.